{"id":521,"date":"2024-06-13T14:50:02","date_gmt":"2024-06-13T14:50:02","guid":{"rendered":"https:\/\/pizzastore.codrcluster.com.br\/?post_type=product&#038;p=521"},"modified":"2024-06-13T15:29:09","modified_gmt":"2024-06-13T15:29:09","slug":"calabresa-nivel-2","status":"publish","type":"product","link":"https:\/\/pizzastore.codrcluster.com.br\/?product=calabresa-nivel-2","title":{"rendered":"Calabresa 2"},"content":{"rendered":"","protected":false},"excerpt":{"rendered":"<p>lingui\u00e7a calabresa, cebola, azeitona e or\u00e9gano, borda vulc\u00e3o cheddar<\/p>\n","protected":false},"featured_media":515,"comment_status":"open","ping_status":"closed","template":"","meta":[],"product_cat":[34],"product_tag":[33],"class_list":{"0":"post-521","1":"product","2":"type-product","3":"status-publish","4":"has-post-thumbnail","6":"product_cat-pizza-salgada","7":"product_tag-pizza-salgada","9":"first","10":"instock","11":"shipping-taxable","12":"purchasable","13":"product-type-simple"},"_links":{"self":[{"href":"https:\/\/pizzastore.codrcluster.com.br\/index.php?rest_route=\/wp\/v2\/product\/521","targetHints":{"allow":["GET"]}}],"collection":[{"href":"https:\/\/pizzastore.codrcluster.com.br\/index.php?rest_route=\/wp\/v2\/product"}],"about":[{"href":"https:\/\/pizzastore.codrcluster.com.br\/index.php?rest_route=\/wp\/v2\/types\/product"}],"replies":[{"embeddable":true,"href":"https:\/\/pizzastore.codrcluster.com.br\/index.php?rest_route=%2Fwp%2Fv2%2Fcomments&post=521"}],"wp:featuredmedia":[{"embeddable":true,"href":"https:\/\/pizzastore.codrcluster.com.br\/index.php?rest_route=\/wp\/v2\/media\/515"}],"wp:attachment":[{"href":"https:\/\/pizzastore.codrcluster.com.br\/index.php?rest_route=%2Fwp%2Fv2%2Fmedia&parent=521"}],"wp:term":[{"taxonomy":"product_cat","embeddable":true,"href":"https:\/\/pizzastore.codrcluster.com.br\/index.php?rest_route=%2Fwp%2Fv2%2Fproduct_cat&post=521"},{"taxonomy":"product_tag","embeddable":true,"href":"https:\/\/pizzastore.codrcluster.com.br\/index.php?rest_route=%2Fwp%2Fv2%2Fproduct_tag&post=521"}],"curies":[{"name":"wp","href":"https:\/\/api.w.org\/{rel}","templated":true}]}}